te 5 + (7 - ((1 - 8) + 34 - 6)) + -4.
-13
Evaluate (141 - (136 + -13)) + -130.
-112
-29 + (-34 + -14 + -3 - -14)
-66
Calculate (86 + -11 - 19) + -7 + 1 + -6.
44
Calculate (1395 - 1466) + 0 + 156.
85
(-63 - (-28 - 43)) + (2 + -6 + 1 - 51)
-46
7 - (-6 - (374 - 372 - (0 + 23)))
-8
Calculate 18 - 97 - (22 + -18 + -15).
-68
What is -6 + (-1 - (-16 + 52)) - (0 - 1 - -10)?
-52
What is the value of 68 + (48 - (-36 - -63))?
89
What is 20 + -65 + 62 - -22 - 64?
-25
Evaluate -1 + 4 - (-357 + 724 + -401).
37
What is the value of -26 - ((0 - 46) + 38) - 7?
-25
What is 13 + -13 + (34 - (-17 - -34))?
17
Calculate 3 - ((1 - 1 - -10) + 8 - 10).
-5
What is (-14 - -15) + (13 - 5 - -2) + 28?
39
-6 + -52 + (-4 - 0) + 11 + 14 + -27
-64
What is the value of 1772 + -1760 - (80 - (-4 + 11 + -3 - 0))?
-64
What is (-1 - -3) + 56 + 15787 + -15795?
50
(0 + -1 - 8) + (-93 + 55 - -45)
-2
Evaluate (16 - (3 + -23 - -3)) + -3.
30
-43 + 51 + (3 - (7 + -8)) + -25
-13
What is the value of 13 - (4 - -24 - -10 - (-11 + 12))?
-24
Evaluate 10 + (17 - -4) + (-14 - 1).
16
What is the value of (36 - 18) + -21 + 15 - (-20 + (2 - 0))?
30
What is -49 - (138 + -144 + -2 + 1 + -1 + 5)?
-46
What is the value of (-133 - (27 - 55)) + 57?
-48
Evaluate (13 + -47 + 5 - -54) + -100.
-75
97 - ((-10 - (6 + -7)) + 1 + -2 + 21)
86
Calculate 3 + (-6 - (-3 - 5)) - -58 - -8.
71
What is 8 - (-6 - (3 + 0 + -9 + -52 + 6))?
-38
(62 - 149) + -12 + 163
64
What is ((-1 - -1) + -2 - (-26 - -31)) + 20 + -3?
10
(-23 - -17) + 3 + -19 + 6
-16
What is the value of -7 - 0 - (-3226 - -3248)?
-29
What is the value of -119 - ((-1403 - -1387 - (-31 + 1)) + (-23 - 1))?
-109
What is (-8 - -7) + (-2 - 0) + (46 - -8)?
51
Calculate (-14 - (-18 + 54)) + 25 - -122.
97
What is -41 + 61 + (0 - (6 + -1 - -3))?
12
Calculate 30 + (3 + 1 - (0 + -18 + -128 + 140)).
40
Calculate (18 - (-10 + (19 - -14))) + -30.
-35
What is 3 - (-18 - (-12 - -40 - (-1 + 13)))?
37
Calculate -18 + -7 - (12 + (2 - -2 - 5)).
-36
Calculate 205 - 120 - (0 - 11 - (24 - 22)).
98
What is the value of (17 - (49 - 40)) + 1 + 0 + 0 + 38?
47
What is 14 + (0 + 10 - (206 + -170))?
-12
What is -13 - 13 - 29 - (6 - (3 - (-5 + 7)))?
-60
10 - (1 - -7 - (-2 - -5))
5
1270 + -1239 - (-4 - 0)
35
Evaluate (2 - 99) + -52 + 102.
-47
What is -1 - 41 - (2 + (31 + -63 - -18))?
-30
Evaluate 33 + -56 + 20 + 81 + (-3 - -3) + 4.
82
Evaluate -12 - -3 - (-75 + 56 - -20).
-10
Evaluate (3 - -8) + -5 + 8 - 46.
-32
Calculate (18 - (-5 - ((-19 - 17) + 2))) + -18.
-29
What is the value of (8 - 48) + (322 - 326)?
-44
Calculate 3 + 5 + (-15 - 8) - (3 + -87).
69
What is 0 + (2 - 15) - (-34 + -18 + 86 + -44)?
-3
(-20 + 11 - (-25 + 37)) + 2
-19
Calculate 110 + -129 + -36 - -90.
35
What is the value of (17 - 28) + -3 + 24 + (-2 - (2 + -83))?
89
What is -102 - (-15 - 49) - (-32 - -5)?
-11
Calculate 0 + 8 + -9 + (-21 - -42) - -3.
23
Evaluate -1 - (3 - (5 + 18)) - (-1 + -2 + -10).
32
What is (39 - 41) + (-8 + (-7 - -5) - -24)?
12
What is -23 + -7 - (-10 + -1 + -7 + (130 - 119))?
-23
Calculate -44 + -2 + 74 + -39 + -42 + (1 - 2).
-54
Calculate (-14 - (-3 + (-26 - -5))) + 18 + -4.
24
(16422 - 16578) + (0 - -8)
-148
What is the value of 38 + 29 + -39 + 3?
31
Evaluate -2 + (-4 - (-9 - -8) - -13) - 68.
-60
-22 + (-4 - -13) + (6 - (5 + 5)) + -2
-19
Evaluate -91 + 12 + -4 - ((-8 - 19) + 19).
-75
Calculate 0 - 0 - (27 - 12) - (215 + -124).
-106
76 - (-17 + (198 - 20))
-85
-9 - ((0 - -16) + -3 + -14 + -6) - -92
90
-73 + 1 - (13 + (6 - 16 - 22) - -14)
-67
What is the value of ((-2 + -23 - (1 + -12)) + 13 - 3) + 9?
5
Evaluate 0 - (21 + -92 - -123).
-52
What is the value of (-1 + -1 - 1) + 64 - ((75 - -6) + -71)?
51
What is the value of (-174 - -78) + -54 - -51?
-99
What is the value of (-1 - -12) + -27 + -31 + (6 - -2 - 6)?
-45
What is the value of 3 + -18 + 5 + (-28 + 30 - 16)?
-24
What is -1 + -44 - (-33 + 44) - (35 + -20)?
-71
Calculate (-78 - (48 + -65)) + 90.
29
What is the value of (3 - (5 - -1)) + 20 - (5605 - 5622)?
34
Calculate (50 - 42) + -50 + 36.
-6
What is the value of (5 + 13 - 5) + 2 - 56?
-41
What is -49 + 61 + 151 + -24?
139
Evaluate 1 + -1 + -11 - ((-364 - -181) + 165).
7
-52 + 4 + -4 - (-332 - -318) - 3
-41
14 - (9 + 111 + -36 + 17 - -12)
-99
Evaluate 105 + 68 + -90 + 0.
83
What is the value of 5 - -1 - (-91 - (6 - 71))?
32
(23 - 16 - -7) + -33 + 17 + -41
-43
-1160 + 1127 - (0 - -95)
-128
(9 + -24 - -5) + (-76 - (28 + -33))
-81
Evaluate 10 - (-15 + 3) - 41 - (4 + 65).
-88
Evaluate 1 + -53 - (-2 + 1) - (64 + -82 + 14).
-47
Evaluate 75 + -1 + -2795 + 2694.
-27
Calculate -19 - (-13 + 11) - -15 - (-6 + 5 + 3).
-4
68 + 11 + -67 - 66
-54
What is -2 + (-1 - -1) + -1 + (333 - (-64 - -379))?
15
7 + -20 + 12 + (0 + 5 - -45)
49
Evaluate -27 + -21 + 111 + -55.
8
10 + 2 + (-10 - -6) + 59 + 58 + -54
71
Evaluate (12 - (110 - 48)) + 14.
-36
Evaluate (60 - 2) + -18 + -31.
9
What is 126 + 16 + -34 + 3 - 16?
95
-1383 + 1374 + (2 - 3)
-10
What is the value of -32 + -4 - (3422 + -3370)?
-88
-43 - (-36 - (-23 + 43 - 51))
-38
Calculate -2 - (-357 + 354 + (-1 + 1 - 44)).
45
What is the value of (-19 + (19 - (11 - 0)) - -9) + 33?
31
What is the value of -4 + (-3 - 9) + (247 - 247)?
-16
What is the value of (-96 - (36 + -144)) + 52?
64
(-21 - (-31 - -41)) + -24
-55
What is the value of 32 + -24 - ((49 - 24) + 11)?
-28
Evaluate 0 + 86 + (8827 - 8926).
-13
What is the value of (1419 - 1242) + (-94 - -3)?
86
Evaluate -29 - -15 - -8 - 6 - (1 + 10).
-23
What is 5 + -65 + 11 + 1 - -2 - -2?
-44
5 + (67 - -3) + -5 + -18
52
Evaluate -2 + 33 + 2 + (1 - -11) + 0 + -11.
34
What is (12 + -355 - -260) + -1 + 29?
-55
16 + 60 + -52 + -23
1
What is -25 + 39 - 32 - 61?
-79
Evaluate 43 + -106 + -12 + 20.
-55
Evaluate (47 - 58) + (0 - -27) + -27.
-11
(-1 - (23 + -16)) + (-48 - (-3 + 0)) - 5
-58
What is 4 + (-3 - -6) - (685 - 697)?
19
Evaluate 90 + -27 + (-563 - -510).
10
What is (-1392 - -1392) + 3 + -24 + (3 - 4)?
-22
What is 46 - 62 - (9 - -2)?
-27
-14 - (-48 + 24 + (3 - 8))
15
What is -642 - -272 - -425 - (8 - -1)?
46
-7 + -35 + 15 + -5
-32
Evaluate -29 - (-58 - (8 - 14)).
23
What is the value of 0 + -2 + 0 + 68 + -59?
7
Evaluate -13 - -6 - -28 - (-131 - -148).
4
1635 - 1664 - (2 + -6)
-25
Evaluate -95 + (100 - (-83 - 32)).
120
-24 - (-2 + -4 + -26 + 28 + 14)
-34
Evaluate (-1 + 8 - (17 - -2)) + (36 - 2).
22
Evaluate 0 - -56 - (7746 - 7680).
-10
Evaluate (9 - 27 - -18 - (-61 + 0) - 10) + -8.
43
What is 1 + 1 + 2 + -2382 + 2354?
-24
Evaluate -148 - -97 - (15 + -13 + -40).
-13
What is the value of 1268 + -1359 - (-1 - 36)?
-54
What is 1 + (36 - (-1 - -6 - (12 + (2 - 16))))?
30
Evaluate -802 + 813 - (3 - -34).
-26
Calculate -14 + (24 - -106 - (-7 + 45)).
78
Calculate (25 + -1 - ((-24 - (-6 + 9)) + 13)) + 5.
43
Calculate 21 + 21 + -12 + -28 + 32.
34
What is 4 - ((-63 - -5) + 40 + -17)?
39
Evaluate -6 + (15 - (3 + -14) - 12) - 34.
-26
Calculate 7 - (-18 - (-52 - -15)).
-12
What is -250 + 243 - (2 - 46 - (4 - 7 - -4))?
38
Calculate -2 - -10 - -30 - (3 - (12 - 5)).
42
Evaluate -13 - -10 - (1 - -12) - (-461 - -425).
20
Calculate (-28 - (-2 + 4 + -5)) + -3687 + 3711.
-1
What is the value of -59 - -6 - (-145 - -137)?
-45
Calculate -80 - (99 - (34 - -90)).
-55
Calculate (12 - 3) + -86 + 161.
84
Evaluate -21 - 21 - (0 - 14) - (-2 + -9).
-17
Calculate (-18 + 6 - -21) + -15.
-6
17 + 2 + -19 - 1 - (-3 - 54)
56
-14 + -14 + (-5 + 68 + 6 - -1)
42
Calculate 136 + 29 - (71 + -2).
96
Calculate 50 + -3 + 0 - (-625 + 641).
31
Calculate -16 + 11 + (-1 - 3) + 5 + 27 + -1.
22
What is (145 - 138) + -5 + 38?
40
What is the value of (5 + -7 - 63 - 6) + 111 + -104?
-64
Calculate 60 + -14 + 161 + -241.
-34
Evaluate 62 - (-81 - (12 - 87)).
68
Evaluate 53 - (18 + (9 + 8 - 19)).
37
Calculate 4 - -46 - (2 + -1 + 4 + (-24 - -25)).
44
Calculate -10 + (-17 - -5) + (-32 - -15 - -145).
106
What is (-4 - 5 - -6) + 9 - 43?
-37
Calculate (-1 + 0 + -28 + 16 - -11) + -76.
-78
What is -55 - 9 - 15 - -7?
-72
(28 - 3 - (-49 - (17 - 49))) + 7
49
What is 48 + (66 - 93) + -1 + -24?
-4
What is (41 - (164 - 104)) + 94?
75
-19 + (-9 + 9 - -3) + 0
-16
What is the value of 26 - (4 + -6) - (-1709 + 1651)?
86
Calculate -16 + (11 + -5 - (31 - 21)) + 12.
-8
Evaluate (3 - -10) + (-17 - 9) - (-51 - -1).
37
Calculate (30 - 2) + -2344 + 2296.
-20
Evaluate -28 + 8 + 14 - (0 + 22).
-28
Evaluate 10 -